{"id":1395,"date":"2016-04-22T09:39:45","date_gmt":"2016-04-22T02:39:45","guid":{"rendered":"http:\/\/sonjavitex.com\/?page_id=1395"},"modified":"2019-05-17T09:25:42","modified_gmt":"2019-05-17T02:25:42","slug":"giai-thuong","status":"publish","type":"page","link":"https:\/\/sonjavitex.com.vn\/?page_id=1395","title":{"rendered":"Gi\u1ea3i th\u01b0\u1edfng"},"content":{"rendered":"<p>&nbsp;<\/p>\n<p style=\"text-align: center;\"><img loading=\"lazy\" class=\"alignnone size-medium wp-image-2899\" src=\"http:\/\/sonjavitex.com\/wp-content\/uploads\/2018\/11\/logo1-300x300.png\" alt=\"logo1\" width=\"300\" height=\"300\" srcset=\"https:\/\/sonjavitex.com.vn\/wp-content\/uploads\/2018\/11\/logo1-300x300.png 300w, https:\/\/sonjavitex.com.vn\/wp-content\/uploads\/2018\/11\/logo1-100x100.png 100w, https:\/\/sonjavitex.com.vn\/wp-content\/uploads\/2018\/11\/logo1-150x150.png 150w, https:\/\/sonjavitex.com.vn\/wp-content\/uploads\/2018\/11\/logo1.png 561w\" sizes=\"(max-width: 300px) 100vw, 300px\" \/><\/p>\n<p style=\"text-align: center;\"><span style=\"font-family: arial, helvetica, sans-serif;\">V\u1edbi ch\u1eb7ng \u0111\u01b0\u1eddng h\u01a1n 10 n\u0103m ho\u1ea1t \u0111\u1ed9ng,<br \/>\nh\u00e3ng s\u01a1n <strong>Javitex<\/strong> <em>(tr\u1ef1c thu\u1ed9c C\u00f4ng ty C\u1ed5 ph\u1ea7n T\u1eadp \u0111o\u00e0n Ti\u00ean \u0110\u1ed3ng)<\/em> vinh d\u1ef1 nh\u1eadn \u0111\u01b0\u1ee3c<br \/>\nnh\u1eefng gi\u1ea3i th\u01b0\u1edfng, ch\u1ee9ng nh\u1eadn sau:<\/span><\/p>\n<p>&nbsp;<\/p>\n<p style=\"text-align: center;\"><img loading=\"lazy\" class=\"alignnone size-medium wp-image-3022\" src=\"http:\/\/sonjavitex.com\/wp-content\/uploads\/2016\/04\/Picture-chuan-218x300.jpg\" alt=\"Picture chuan\" width=\"218\" height=\"300\" srcset=\"https:\/\/sonjavitex.com.vn\/wp-content\/uploads\/2016\/04\/Picture-chuan-218x300.jpg 218w, https:\/\/sonjavitex.com.vn\/wp-content\/uploads\/2016\/04\/Picture-chuan-600x825.jpg 600w, https:\/\/sonjavitex.com.vn\/wp-content\/uploads\/2016\/04\/Picture-chuan-768x1057.jpg 768w, https:\/\/sonjavitex.com.vn\/wp-content\/uploads\/2016\/04\/Picture-chuan-744x1024.jpg 744w, https:\/\/sonjavitex.com.vn\/wp-content\/uploads\/2016\/04\/Picture-chuan.jpg 1275w\" sizes=\"(max-width: 218px) 100vw, 218px\" \/><\/p>\n<p style=\"text-align: center;\"><img loading=\"lazy\" class=\"alignnone size-medium wp-image-3023\" src=\"http:\/\/sonjavitex.com\/wp-content\/uploads\/2016\/04\/Logo-300x238.jpg\" alt=\"Logo\" width=\"300\" height=\"238\" srcset=\"https:\/\/sonjavitex.com.vn\/wp-content\/uploads\/2016\/04\/Logo-300x238.jpg 300w, https:\/\/sonjavitex.com.vn\/wp-content\/uploads\/2016\/04\/Logo-600x477.jpg 600w, https:\/\/sonjavitex.com.vn\/wp-content\/uploads\/2016\/04\/Logo-768x610.jpg 768w, https:\/\/sonjavitex.com.vn\/wp-content\/uploads\/2016\/04\/Logo-1024x814.jpg 1024w\" sizes=\"(max-width: 300px) 100vw, 300px\" \/><\/p>\n<p style=\"text-align: center;\">Ch\u1ee9ng nh\u1eadn ISO 9001:2015<\/p>\n<p style=\"text-align: center;\"><img loading=\"lazy\" class=\"alignnone size-medium wp-image-3024\" src=\"http:\/\/sonjavitex.com\/wp-content\/uploads\/2016\/04\/hop-quy-2017-214x300.jpg\" alt=\"hop quy 2017\" width=\"214\" height=\"300\" srcset=\"https:\/\/sonjavitex.com.vn\/wp-content\/uploads\/2016\/04\/hop-quy-2017-214x300.jpg 214w, https:\/\/sonjavitex.com.vn\/wp-content\/uploads\/2016\/04\/hop-quy-2017-600x841.jpg 600w, https:\/\/sonjavitex.com.vn\/wp-content\/uploads\/2016\/04\/hop-quy-2017-768x1077.jpg 768w, https:\/\/sonjavitex.com.vn\/wp-content\/uploads\/2016\/04\/hop-quy-2017-730x1024.jpg 730w, https:\/\/sonjavitex.com.vn\/wp-content\/uploads\/2016\/04\/hop-quy-2017.jpg 1779w\" sizes=\"(max-width: 214px) 100vw, 214px\" \/><\/p>\n<p>&nbsp;<\/p>\n<p>&nbsp;<\/p>\n<p style=\"text-align: center;\"><img loading=\"lazy\" class=\"aligncenter wp-image-1399\" src=\"http:\/\/sonjavitex.com\/wp-content\/uploads\/2016\/04\/san-pham-uy-tin-300x240.jpg\" alt=\"san pham uy tin\" width=\"600\" height=\"480\" srcset=\"https:\/\/sonjavitex.com.vn\/wp-content\/uploads\/2016\/04\/san-pham-uy-tin-300x240.jpg 300w, https:\/\/sonjavitex.com.vn\/wp-content\/uploads\/2016\/04\/san-pham-uy-tin-600x480.jpg 600w, https:\/\/sonjavitex.com.vn\/wp-content\/uploads\/2016\/04\/san-pham-uy-tin-768x614.jpg 768w, https:\/\/sonjavitex.com.vn\/wp-content\/uploads\/2016\/04\/san-pham-uy-tin.jpg 1000w\" sizes=\"(max-width: 600px) 100vw, 600px\" \/><\/p>\n<p style=\"text-align: center;\">Danh hi\u1ec7u s\u1ea3n ph\u1ea9m uy t\u00edn t\u1ea1i H\u1ed9i ch\u1ee3 tri\u1ec3n l\u00e3m Qu\u1ea3ng b\u00e1 th\u01b0\u01a1ng hi\u1ec7u<br \/>\nt\u1ec9nh Qu\u1ea3ng Ninh n\u0103m 2009<\/p>\n<p>&nbsp;<\/p>\n<p style=\"text-align: center;\"><img loading=\"lazy\" class=\"aligncenter wp-image-1210\" src=\"http:\/\/sonjavitex.com\/wp-content\/uploads\/2016\/03\/javitex-san-pham-dich-vu-hang-dau-viet-nam-2-224x300.png\" alt=\"javitex-san-pham-dich-vu-hang-dau-viet-nam-2\" width=\"600\" height=\"802\" srcset=\"https:\/\/sonjavitex.com.vn\/wp-content\/uploads\/2016\/03\/javitex-san-pham-dich-vu-hang-dau-viet-nam-2-224x300.png 224w, https:\/\/sonjavitex.com.vn\/wp-content\/uploads\/2016\/03\/javitex-san-pham-dich-vu-hang-dau-viet-nam-2.png 440w\" sizes=\"(max-width: 600px) 100vw, 600px\" \/><\/p>\n<p style=\"text-align: center;\"><img loading=\"lazy\" class=\"aligncenter wp-image-1409\" src=\"http:\/\/sonjavitex.com\/wp-content\/uploads\/2016\/04\/12219620_399363096940751_995019332796389901_n-300x200.jpg\" alt=\"12219620_399363096940751_995019332796389901_n\" width=\"599\" height=\"399\" srcset=\"https:\/\/sonjavitex.com.vn\/wp-content\/uploads\/2016\/04\/12219620_399363096940751_995019332796389901_n-300x200.jpg 300w, https:\/\/sonjavitex.com.vn\/wp-content\/uploads\/2016\/04\/12219620_399363096940751_995019332796389901_n-600x400.jpg 600w, https:\/\/sonjavitex.com.vn\/wp-content\/uploads\/2016\/04\/12219620_399363096940751_995019332796389901_n-768x512.jpg 768w, https:\/\/sonjavitex.com.vn\/wp-content\/uploads\/2016\/04\/12219620_399363096940751_995019332796389901_n.jpg 960w\" sizes=\"(max-width: 599px) 100vw, 599px\" \/><\/p>\n<p style=\"text-align: center;\"><img loading=\"lazy\" class=\"aligncenter wp-image-1405\" src=\"http:\/\/sonjavitex.com\/wp-content\/uploads\/2016\/04\/CUP-23-258x300.jpg\" alt=\"CUP 23\" width=\"600\" height=\"699\" srcset=\"https:\/\/sonjavitex.com.vn\/wp-content\/uploads\/2016\/04\/CUP-23-258x300.jpg 258w, https:\/\/sonjavitex.com.vn\/wp-content\/uploads\/2016\/04\/CUP-23-600x699.jpg 600w, https:\/\/sonjavitex.com.vn\/wp-content\/uploads\/2016\/04\/CUP-23-768x895.jpg 768w, https:\/\/sonjavitex.com.vn\/wp-content\/uploads\/2016\/04\/CUP-23-879x1024.jpg 879w\" sizes=\"(max-width: 600px) 100vw, 600px\" \/><\/p>\n<p style=\"text-align: center;\">S\u1ea3n ph\u1ea9m &#8211; D\u1ecbch v\u1ee5 h\u00e0ng \u0111\u1ea7u Vi\u1ec7t Nam n\u0103m 2014<\/p>\n<p>&nbsp;<\/p>\n<p>&nbsp;<\/p>\n<p style=\"text-align: center;\"><img loading=\"lazy\" class=\"aligncenter wp-image-685 size-full\" src=\"http:\/\/sonjavitex.com\/wp-content\/uploads\/2016\/01\/DSC_0784.jpg\" alt=\"DSC_0784\" width=\"600\" height=\"392\" srcset=\"https:\/\/sonjavitex.com.vn\/wp-content\/uploads\/2016\/01\/DSC_0784.jpg 600w, https:\/\/sonjavitex.com.vn\/wp-content\/uploads\/2016\/01\/DSC_0784-300x196.jpg 300w\" sizes=\"(max-width: 600px) 100vw, 600px\" \/><\/p>\n<p style=\"text-align: center;\">Gi\u1ea3i th\u01b0\u1edfng Doanh nghi\u1ec7p c\u1ee7a n\u0103m 2015<\/p>\n","protected":false},"excerpt":{"rendered":"<p>&nbsp; V\u1edbi ch\u1eb7ng \u0111\u01b0\u1eddng h\u01a1n 10 n\u0103m ho\u1ea1t \u0111\u1ed9ng, h\u00e3ng s\u01a1n Javitex (tr\u1ef1c thu\u1ed9c C\u00f4ng ty C\u1ed5 ph\u1ea7n T\u1eadp \u0111o\u00e0n Ti\u00ean \u0110\u1ed3ng) vinh d\u1ef1 nh\u1eadn \u0111\u01b0\u1ee3c nh\u1eefng gi\u1ea3i th\u01b0\u1edfng, ch\u1ee9ng nh\u1eadn sau: &nbsp; Ch\u1ee9ng nh\u1eadn ISO 9001:2015 &nbsp; &nbsp; Danh hi\u1ec7u s\u1ea3n ph\u1ea9m uy t\u00edn t\u1ea1i H\u1ed9i ch\u1ee3 tri\u1ec3n l\u00e3m Qu\u1ea3ng b\u00e1 th\u01b0\u01a1ng hi\u1ec7u t\u1ec9nh Qu\u1ea3ng Ninh n\u0103m 2009 &nbsp; S\u1ea3n ph\u1ea9m &#8211; D\u1ecbch v\u1ee5 h\u00e0ng \u0111\u1ea7u Vi\u1ec7t Nam n\u0103m 2014 &nbsp; &nbsp; Gi\u1ea3i th\u01b0\u1edfng Doanh nghi\u1ec7p c\u1ee7a n\u0103m 2015<\/p>\n","protected":false},"author":2,"featured_media":0,"parent":627,"menu_order":0,"comment_status":"closed","ping_status":"closed","template":"","meta":[],"_links":{"self":[{"href":"https:\/\/sonjavitex.com.vn\/index.php?rest_route=\/wp\/v2\/pages\/1395"}],"collection":[{"href":"https:\/\/sonjavitex.com.vn\/index.php?rest_route=\/wp\/v2\/pages"}],"about":[{"href":"https:\/\/sonjavitex.com.vn\/index.php?rest_route=\/wp\/v2\/types\/page"}],"author":[{"embeddable":true,"href":"https:\/\/sonjavitex.com.vn\/index.php?rest_route=\/wp\/v2\/users\/2"}],"replies":[{"embeddable":true,"href":"https:\/\/sonjavitex.com.vn\/index.php?rest_route=%2Fwp%2Fv2%2Fcomments&post=1395"}],"version-history":[{"count":14,"href":"https:\/\/sonjavitex.com.vn\/index.php?rest_route=\/wp\/v2\/pages\/1395\/revisions"}],"predecessor-version":[{"id":3025,"href":"https:\/\/sonjavitex.com.vn\/index.php?rest_route=\/wp\/v2\/pages\/1395\/revisions\/3025"}],"up":[{"embeddable":true,"href":"https:\/\/sonjavitex.com.vn\/index.php?rest_route=\/wp\/v2\/pages\/627"}],"wp:attachment":[{"href":"https:\/\/sonjavitex.com.vn\/index.php?rest_route=%2Fwp%2Fv2%2Fmedia&parent=1395"}],"curies":[{"name":"wp","href":"https:\/\/api.w.org\/{rel}","templated":true}]}}