{"id":2832,"date":"2018-05-25T16:35:30","date_gmt":"2018-05-25T09:35:30","guid":{"rendered":"http:\/\/sonjavitex.com\/?post_type=product&#038;p=2832"},"modified":"2024-05-19T07:09:14","modified_gmt":"2024-05-19T00:09:14","slug":"son-chong-tham-cao-cap-td-66a","status":"publish","type":"product","link":"https:\/\/sonjavitex.com.vn\/?product=son-chong-tham-cao-cap-td-66a","title":{"rendered":"S\u01a1n ch\u1ed1ng th\u1ea5m cao c\u1ea5p (Waterproof coating) TD 66A"},"content":{"rendered":"<p>&#8211; Ch\u1ed1ng th\u1ea5m \u0111a n\u0103ng<\/p>\n<p>&#8211; Ch\u1ed1ng hi\u1ec7n t\u01b0\u1ee3ng mao d\u1eabn<\/p>\n<p><em>(S\u1eed d\u1ee5ng trong c\u00e1c c\u00f4ng tr\u00ecnh ven bi\u1ec3n, nh\u1eefng khu v\u1ef1c c\u00f3 \u0111\u1ed9 \u1ea9m cao)<\/em><\/p>\n<p>&nbsp;<\/p>\n","protected":false},"excerpt":{"rendered":"<p>&#8211; Ch\u1ed1ng th\u1ea5m \u0111a n\u0103ng &#8211; Ch\u1ed1ng hi\u1ec7n t\u01b0\u1ee3ng mao d\u1eabn (S\u1eed d\u1ee5ng trong c\u00e1c c\u00f4ng tr\u00ecnh ven bi\u1ec3n, nh\u1eefng khu v\u1ef1c c\u00f3 \u0111\u1ed9 \u1ea9m cao) &nbsp;<\/p>\n","protected":false},"featured_media":3223,"comment_status":"open","ping_status":"closed","template":"","meta":[],"_links":{"self":[{"href":"https:\/\/sonjavitex.com.vn\/index.php?rest_route=\/wp\/v2\/product\/2832"}],"collection":[{"href":"https:\/\/sonjavitex.com.vn\/index.php?rest_route=\/wp\/v2\/product"}],"about":[{"href":"https:\/\/sonjavitex.com.vn\/index.php?rest_route=\/wp\/v2\/types\/product"}],"replies":[{"embeddable":true,"href":"https:\/\/sonjavitex.com.vn\/index.php?rest_route=%2Fwp%2Fv2%2Fcomments&post=2832"}],"wp:featuredmedia":[{"embeddable":true,"href":"https:\/\/sonjavitex.com.vn\/index.php?rest_route=\/wp\/v2\/media\/3223"}],"wp:attachment":[{"href":"https:\/\/sonjavitex.com.vn\/index.php?rest_route=%2Fwp%2Fv2%2Fmedia&parent=2832"}],"curies":[{"name":"wp","href":"https:\/\/api.w.org\/{rel}","templated":true}]}}